{"id":1981,"date":"2013-11-04T10:57:23","date_gmt":"2013-11-04T09:57:23","guid":{"rendered":"http:\/\/artistbooks.de\/blog\/?page_id=1981"},"modified":"2023-03-08T20:41:57","modified_gmt":"2023-03-08T19:41:57","slug":"about","status":"publish","type":"page","link":"https:\/\/artistbooks.de\/blog\/about\/","title":{"rendered":"\u00dcber das Archiv Artist Publications"},"content":{"rendered":"<h2>Die Sammlung Hubert Kretschmer in M\u00fcnchen<\/h2>\n<p>Seit 1980 sam\u00admelt, ar\u00adchi\u00adviert und do\u00adku\u00admen\u00adtiert Hu\u00adbert Kret\u00adschmer in sei\u00adnem <strong>AAP<\/strong> <strong><a href=\"http:\/\/www.artistbooks.de\/\" target=\"_blank\" rel=\"noopener noreferrer\"><em>Ar\u00adchi\u00adve Ar\u00adtist Pu\u00adbli\u00adca\u00adti\u00adons<\/em> <\/a><\/strong>in\u00adter\u00adna\u00adtio\u00adna\u00adle K\u00fcnst\u00adler\u00adPu\u00adbli\u00adka\u00adtio\u00adnen: K\u00fcnst\u00adler\u00adb\u00fc\u00adcher, Zeit\u00adschrif\u00adten, Flug\u00adbl\u00e4t\u00adter, Zi\u00adnes, Mul\u00adti\u00adples, Pla\u00adka\u00adte, Eph\u00ademera und vie\u00adles mehr. Ge\u00adgr\u00fcn\u00addet wur\u00adde die\u00adses <em>In\u00adde\u00adpen\u00addent Ar\u00adchi\u00adve Pro\u00adject<\/em> von dem Ver\u00adle\u00adger, K\u00fcnst\u00adler und Kunst\u00adp\u00e4d\u00adago\u00adgen Hu\u00adbert Kret\u00adschmer in M\u00fcn\u00adchen. In\u00adzwi\u00adschen um\u00adfasst die Samm\u00adlung \u00fcber 100.000 Items und ist \u00fcber ei\u00adne im In\u00adter\u00adnet \u00f6f\u00adfent\u00adlich zu\u00adg\u00e4ng\u00adli\u00adche <a href=\"http:\/\/www.artistbooks.de\/\" target=\"_blank\" rel=\"noopener noreferrer\">Da\u00adten\u00adbank<\/a> zu erforschen.<br> Be\u00adgon\u00adnen hat al\u00adles mit drei Aus\u00adstel\u00adlun\u00adgen \u00fcber K\u00fcnst\u00adler\u00adb\u00fc\u00adcher in der <strong><em>Pro\u00addu\u00adzen\u00adten\u00adga\u00adle\u00adrie Adel\u00adgun\u00adden\u00adstra\u00ad\u00dfe<\/em><\/strong> in M\u00fcn\u00adchen im Jahr 1979.&nbsp;1980 wur\u00adde dann der <strong><em>Ver\u00adlag <span class=\"amp\">&amp;<\/span>&nbsp;Dis\u00adtri\u00adbu\u00adti\u00adon Hu\u00adbert Kret\u00adschmer<\/em><\/strong><em> gegr\u00fcndet.<\/em><br> Sein An\u00adlie\u00adgen war es von An\u00adfang an, von K\u00fcnst\u00adlern pro\u00addu\u00adzier\u00adten Me\u00addi\u00aden die Pr\u00e4\u00adsenz auf ei\u00adner in\u00adter\u00adna\u00adtio\u00adna\u00adlen Platt\u00adform zu erm\u00f6glichen.<br> Ob auf der Frank\u00adur\u00adter Buch\u00admes\u00adse, der Mi\u00adni\u00adpres\u00adsen\u00admes\u00adse in Mainz, der Ge\u00adgen\u00adBuch\u00admes\u00adse in Frank\u00adfurt, der ART-Ba\u00adsel, der ART-K\u00f6ln, der ART-Frank\u00adfurt, der ART-Mul\u00adti\u00adple in D\u00fcs\u00adsel\u00addorf, su\u00adper BOOKS in M\u00fcn\u00adchen oder der deut\u00adschen Buch\u00admes\u00adse in New York \u2013 \u00fcber Jah\u00adre war der Ver\u00adlag und die Dis\u00adtri\u00adbu\u00adti\u00adon dort ver\u00adtre\u00adten und mach\u00adte auf die\u00adse Wei\u00adse ei\u00adne gro\u00ad\u00dfe \u00d6f\u00adfent\u00adlich\u00adkeit mit dem Ph\u00e4\u00adno\u00admen von K\u00fcnst\u00adler\u00adPu\u00adbli\u00adka\u00adtio\u00adnen bekannt.<\/p>\n<p>So ent\u00adstand ein Netz von per\u00ads\u00f6n\u00adli\u00adchen Be\u00adzie\u00adhun\u00adgen zu K\u00fcnst\u00adlern, in\u00adter\u00adna\u00adtio\u00adna\u00adlen Pri\u00advat\u00adsamm\u00adlern, Buch- und Kunst\u00adh\u00e4nd\u00adlern und Bi\u00adblio\u00adthe\u00adken, was es Hu\u00adbert Kret\u00adschmer er\u00adm\u00f6g\u00adlich\u00adte, sein um\u00adfas\u00adsen\u00addes Ar\u00adchiv wei\u00adter aus\u00adzu\u00adbau\u00aden. Heu\u00adte ent\u00adh\u00e4lt es et\u00adwa 100.000 Items un\u00adter\u00adschied\u00adlichs\u00adter Me\u00addi\u00aden, schwer\u00adpunkt\u00adm\u00e4\u00ad\u00dfig aus den 80<sup class=\"ordinal\">er<\/sup> und ab den 2000<sup class=\"ordinal\">er<\/sup> Jah\u00adren. Da\u00advon sind heu\u00adte ca. 75.000 Items in der On\u00adline-Da\u00adten\u00adbank \u00f6f\u00adfent\u00adlich re\u00adcher\u00adchier\u00adbar (<a href=\"http:\/\/www.artistbooks.de\/\" target=\"_blank\" rel=\"noopener noreferrer\">OPAC<\/a>). Ei\u00adnen Gro\u00df\u00adteil des Ar\u00adchiv\u00adbe\u00adstan\u00addes ma\u00adchen Sach\u00adspen\u00adden und Schen\u00adkun\u00adgen aus. \u00dcber 850 In\u00adter\u00adna\u00adtio\u00adna\u00adle K\u00fcnst\u00adler und In\u00adsti\u00adtu\u00adtio\u00adnen ha\u00adben bis\u00adher dem Ar\u00adchiv \u00fcber 37.000 im OPAC nach\u00adge\u00adwie\u00adse\u00adne Items \u00fcber\u00adlas\u00adsen, meh\u00adre\u00adre tau\u00adsend Ob\u00adjek\u00adte m\u00fcs\u00adsen noch er\u00adfasst wer\u00adden. Meh\u00adre\u00adre Kunsthistoriker*innen, K\u00fcnstler*innen und Praktikant*innen ar\u00adbei\u00adten mo\u00admen\u00adtan ab\u00adwech\u00adselnd an der auf\u00adw\u00e4n\u00addi\u00adgen Er\u00adfas\u00adsung der&nbsp;Titel.<\/p>\n<p>Im Un\u00adter\u00adschied zu klas\u00adsi\u00adschen Buch\u00adkunst-Samm\u00adlun\u00adgen ist das AAP <em>Achi\u00adve Ar\u00adtist Pu\u00adbli\u00adca\u00adti\u00adons<\/em> nicht auf wert\u00advoll aus\u00adge\u00adstat\u00adte\u00adte bi\u00adblio\u00adphi\u00adle Ob\u00adjek\u00adte aus\u00adge\u00adrich\u00adtet, son\u00addern auf teils mit ein\u00adfachs\u00adten Mit\u00adteln her\u00adge\u00adstell\u00adte Pu\u00adbli\u00adka\u00adtio\u00adnen, wie Flug\u00adschrif\u00adten, ko\u00adpier\u00adte oder mit Ma\u00adtri\u00adzen\u00adab\u00adz\u00fc\u00adgen ver\u00adviel\u00adf\u00e4l\u00adtig\u00adte Ma\u00adga\u00adzi\u00adne, in klei\u00adnen Auf\u00adla\u00adgen her\u00adge\u00adstell\u00adte Edi\u00adtio\u00adnen und \u00e4hn\u00adli\u00adches. Als so\u00adge\u00adnann\u00adte Grau\u00adli\u00adte\u00adra\u00adtur wer\u00adden sol\u00adche Ver\u00ad\u00f6f\u00adfent\u00adli\u00adchun\u00adgen in der Re\u00adgel nicht oder kaum von \u00f6f\u00adfent\u00adli\u00adchen Bi\u00adblio\u00adthe\u00adken ge\u00adsam\u00admelt, wenn\u00adgleich sie ei\u00adnen ho\u00adhen do\u00adku\u00admen\u00adta\u00adri\u00adschen Wert be\u00adsit\u00adzen. H\u00e4u\u00adfig sind Pu\u00adbli\u00adka\u00adtio\u00adnen von K\u00fcnst\u00adlern nur ei\u00adnem klei\u00adnen Kreis zu\u00adg\u00e4ng\u00adlich und nicht dau\u00ader\u00adhaft oder an ei\u00adnem zen\u00adtra\u00adlen Ort ar\u00adchi\u00adviert. Das <em>Ar\u00adchi\u00adve Ar\u00adtist Pu\u00adbli\u00adca\u00adti\u00adons<\/em> m\u00f6ch\u00adte hier ei\u00adnen Bei\u00adtrag leis\u00adten, die\u00adsen wich\u00adti\u00adgen Be\u00adreich k\u00fcnst\u00adle\u00adri\u00adscher Pro\u00adduk\u00adti\u00adon dau\u00ader\u00adhaft und \u00f6f\u00adfent\u00adlich zu\u00adg\u00e4ng\u00adlich zu machen.<br> Die Samm\u00adlung um\u00adfasst ne\u00adben den klas\u00adsi\u00adschen K\u00fcnst\u00adler\u00adb\u00fc\u00adchern Mul\u00adti\u00adples, Pla\u00adka\u00adte, Ein\u00adla\u00addun\u00adgen, di\u00adver\u00adse Ton\u00adtr\u00e4\u00adger, Fo\u00adto\u00adko\u00adpien, Brief\u00admar\u00adken, Vi\u00adde\u00ados, Zi\u00adnes, CDs, Lie\u00adfer\u00adver\u00adzeich\u00adnis\u00adse, Zeit\u00adschrif\u00adten, Web\u00adsites, Se\u00adkun\u00add\u00e4r\u00adli\u00adte\u00adra\u00adtur, Pres\u00adse\u00adar\u00adti\u00adkel und Aus\u00adstel\u00adlungs\u00adka\u00adta\u00adlo\u00adge, die weit\u00adge\u00adhend mit dem The\u00adma K\u00fcnst\u00adler\u00adbuch zu tun ha\u00adben und die die Kunst\u00adstr\u00f6\u00admun\u00adgen der letz\u00adten 40\u201360 Jah\u00adre bis heu\u00adte wi\u00adder\u00adspie\u00adgeln: die Aus\u00adl\u00e4u\u00adfer des Flu\u00adxus, des Hap\u00adpe\u00adnings und der Ak\u00adti\u00adons\u00adkunst, Kon\u00adkre\u00adte und vi\u00adsu\u00adel\u00adle Poe\u00adsie, Mail Art, Stamp Art, die Neu\u00aden Wil\u00adden, Kon\u00adzept\u00adkunst, Ap\u00adpro\u00adpria\u00adti\u00adon Art, M\u00fcll\u00adKunst, Land\u00adArt, Punk und Co\u00adpy-Art. In ge\u00adrin\u00adgem Um\u00adfang sind ab\u00adsicht\u00adlich auch All\u00adtags\u00adpu\u00adbli\u00adka\u00adtio\u00adnen in der Samm\u00adlung ent\u00adhal\u00adten, wie Ver\u00adsand\u00adka\u00adta\u00adlo\u00adge, Kunst\u00adka\u00adta\u00adlo\u00adge, Mo\u00adde- und Life\u00adstyle-Zeit\u00adschrif\u00adten, die den je\u00adwei\u00adli\u00adgen Zeit\u00adgeist ex\u00adem\u00adpla\u00adrisch dokumentieren.<\/p>\n<p>Das AAP <em>Achi\u00adve Ar\u00adtist Pu\u00adbli\u00adca\u00adti\u00adons<\/em> liegt ver\u00adkehrs\u00adg\u00fcns\u00adtig im Kunst\u00adare\u00adal M\u00fcn\u00adchen, 250 Me\u00adter n\u00f6rd\u00adlich vom Mu\u00adse\u00adum Brandhorst.<br> Die Samm\u00adlung so\u00adwie aus\u00adge\u00adw\u00e4hl\u00adte Ex\u00adpo\u00adna\u00adte k\u00f6n\u00adnen je\u00adder\u00adzeit von je\u00adder\u00admann nach Vor\u00adanmel\u00addung be\u00adsich\u00adtigt werden.<br> Ger\u00adne wer\u00adden auch Ex\u00adpo\u00adna\u00adte f\u00fcr Aus\u00adstel\u00adlun\u00adgen und Ver\u00adan\u00adstal\u00adtun\u00adgen zur Ver\u00adf\u00fc\u00adgung gestellt.<\/p>\n<p>M\u00fcn\u00adchen im De\u00adzem\u00adber&nbsp;2022<\/p>\n","protected":false},"excerpt":{"rendered":"<p>Die Samm\u00adlung Hu\u00adbert Kret\u00adschmer in M\u00fcn\u00adchen Seit 1980 sam\u00admelt, ar\u00adchi\u00adviert und do\u00adku\u00admen\u00adtiert Hu\u00adbert Kret\u00adschmer in sei\u00adnem AAP Ar\u00adchi\u00adve Ar\u00adtist Pu\u00adbli\u00adca\u00adti\u00adons in\u00adter\u00adna\u00adtio\u00adna\u00adle K\u00fcnst\u00adler\u00adPu\u00adbli\u00adka\u00adtio\u00adnen: K\u00fcnst\u00adler\u00adb\u00fc\u00adcher, Zeit\u00adschrif\u00adten, Flug\u00adbl\u00e4t\u00adter, Zi\u00adnes, Mul\u00adti\u00adples, Pla\u00adka\u00adte, Eph\u00ademera und vie\u00adles mehr. Ge\u00adgr\u00fcn\u00addet wur\u00adde die\u00adses In\u00adde\u00adpen\u00addent Ar\u00adchi\u00adve Pro\u00adject von dem Ver\u00adle\u00adger, K\u00fcnst\u00adler und Kunst\u00adp\u00e4d\u00adago\u00adgen Hu\u00adbert Kret\u00adschmer in M\u00fcn\u00adchen. In\u00adzwi\u00adschen um\u00adfasst die Samm\u00adlung \u00fcber 100.000 Items&nbsp;[\u2026]<\/p>\n","protected":false},"author":14,"featured_media":0,"parent":0,"menu_order":0,"comment_status":"closed","ping_status":"closed","template":"","meta":{"wp_typography_post_enhancements_disabled":false,"footnotes":""},"class_list":["post-1981","page","type-page","status-publish","hentry"],"yoast_head":"<!-- This site is optimized with the Yoast SEO plugin v27.3 - https:\/\/yoast.com\/product\/yoast-seo-wordpress\/ -->\n<title>\u00dcber das Archiv Artist Publications - BLOG \u2022 Archive Artist Publications Archiv K\u00fcnstlerpublikationen \u2022 AAP<\/title>\n<meta name=\"description\" content=\"AAP Archiv f\u00fcr K\u00fcnstlerpublikationen \/ Archive Artist Publications\" \/>\n<meta name=\"robots\" content=\"index, follow, max-snippet:-1, max-image-preview:large, max-video-preview:-1\" \/>\n<link rel=\"canonical\" href=\"https:\/\/artistbooks.de\/blog\/about\/\" \/>\n<meta property=\"og:locale\" content=\"de_DE\" \/>\n<meta property=\"og:type\" content=\"article\" \/>\n<meta property=\"og:title\" content=\"\u00dcber das Archiv Artist Publications - BLOG \u2022 Archive Artist Publications Archiv K\u00fcnstlerpublikationen \u2022 AAP\" \/>\n<meta property=\"og:description\" content=\"AAP Archiv f\u00fcr K\u00fcnstlerpublikationen \/ Archive Artist Publications\" \/>\n<meta property=\"og:url\" content=\"https:\/\/artistbooks.de\/blog\/about\/\" \/>\n<meta property=\"og:site_name\" content=\"BLOG \u2022 Archive Artist Publications Archiv K\u00fcnstlerpublikationen \u2022 AAP\" \/>\n<meta property=\"article:publisher\" content=\"https:\/\/www.facebook.com\/aap.archive.artist.publications\/\" \/>\n<meta property=\"article:modified_time\" content=\"2023-03-08T19:41:57+00:00\" \/>\n<meta name=\"twitter:card\" content=\"summary_large_image\" \/>\n<meta name=\"twitter:site\" content=\"@mail04140299\" \/>\n<meta name=\"twitter:label1\" content=\"Gesch\u00e4tzte Lesezeit\" \/>\n\t<meta name=\"twitter:data1\" content=\"3\u00a0Minuten\" \/>\n<script type=\"application\/ld+json\" class=\"yoast-schema-graph\">{\"@context\":\"https:\\\/\\\/schema.org\",\"@graph\":[{\"@type\":\"WebPage\",\"@id\":\"https:\\\/\\\/artistbooks.de\\\/blog\\\/about\\\/\",\"url\":\"https:\\\/\\\/artistbooks.de\\\/blog\\\/about\\\/\",\"name\":\"\u00dcber das Archiv Artist Publications - BLOG \u2022 Archive Artist Publications Archiv K\u00fcnstlerpublikationen \u2022 AAP\",\"isPartOf\":{\"@id\":\"https:\\\/\\\/artistbooks.de\\\/blog\\\/#website\"},\"datePublished\":\"2013-11-04T09:57:23+00:00\",\"dateModified\":\"2023-03-08T19:41:57+00:00\",\"description\":\"AAP Archiv f\u00fcr K\u00fcnstlerpublikationen \\\/ Archive Artist Publications\",\"breadcrumb\":{\"@id\":\"https:\\\/\\\/artistbooks.de\\\/blog\\\/about\\\/#breadcrumb\"},\"inLanguage\":\"de\",\"potentialAction\":[{\"@type\":\"ReadAction\",\"target\":[\"https:\\\/\\\/artistbooks.de\\\/blog\\\/about\\\/\"]}]},{\"@type\":\"BreadcrumbList\",\"@id\":\"https:\\\/\\\/artistbooks.de\\\/blog\\\/about\\\/#breadcrumb\",\"itemListElement\":[{\"@type\":\"ListItem\",\"position\":1,\"name\":\"Startseite\",\"item\":\"https:\\\/\\\/artistbooks.de\\\/blog\\\/\"},{\"@type\":\"ListItem\",\"position\":2,\"name\":\"\u00dcber das Archiv Artist Publications\"}]},{\"@type\":\"WebSite\",\"@id\":\"https:\\\/\\\/artistbooks.de\\\/blog\\\/#website\",\"url\":\"https:\\\/\\\/artistbooks.de\\\/blog\\\/\",\"name\":\"AAP Archive Artist Publications Archiv K\u00fcnstlerpublikationen\",\"description\":\"Beitr\u00e4ge zu internationalen K\u00fcnstlerPublikationen\",\"publisher\":{\"@id\":\"https:\\\/\\\/artistbooks.de\\\/blog\\\/#organization\"},\"potentialAction\":[{\"@type\":\"SearchAction\",\"target\":{\"@type\":\"EntryPoint\",\"urlTemplate\":\"https:\\\/\\\/artistbooks.de\\\/blog\\\/?s={search_term_string}\"},\"query-input\":{\"@type\":\"PropertyValueSpecification\",\"valueRequired\":true,\"valueName\":\"search_term_string\"}}],\"inLanguage\":\"de\"},{\"@type\":\"Organization\",\"@id\":\"https:\\\/\\\/artistbooks.de\\\/blog\\\/#organization\",\"name\":\"AAP Archive Artist Publications - Archiv K\u00fcnstlerb\u00fccher\",\"url\":\"https:\\\/\\\/artistbooks.de\\\/blog\\\/\",\"logo\":{\"@type\":\"ImageObject\",\"inLanguage\":\"de\",\"@id\":\"https:\\\/\\\/artistbooks.de\\\/blog\\\/#\\\/schema\\\/logo\\\/image\\\/\",\"url\":\"https:\\\/\\\/artistbooks.de\\\/blog\\\/wp-content\\\/uploads\\\/AAP-Logo.jpg\",\"contentUrl\":\"https:\\\/\\\/artistbooks.de\\\/blog\\\/wp-content\\\/uploads\\\/AAP-Logo.jpg\",\"width\":500,\"height\":117,\"caption\":\"AAP Archive Artist Publications - Archiv K\u00fcnstlerb\u00fccher\"},\"image\":{\"@id\":\"https:\\\/\\\/artistbooks.de\\\/blog\\\/#\\\/schema\\\/logo\\\/image\\\/\"},\"sameAs\":[\"https:\\\/\\\/www.facebook.com\\\/aap.archive.artist.publications\\\/\",\"https:\\\/\\\/x.com\\\/mail04140299\",\"https:\\\/\\\/www.instagram.com\\\/archiveartistpublications\\\/\",\"https:\\\/\\\/de.wikipedia.org\\\/wiki\\\/Archive_Artist_Publications\"]}]}<\/script>\n<!-- \/ Yoast SEO plugin. -->","yoast_head_json":{"title":"\u00dcber das Archiv Artist Publications - BLOG \u2022 Archive Artist Publications Archiv K\u00fcnstlerpublikationen \u2022 AAP","description":"AAP Archiv f\u00fcr K\u00fcnstlerpublikationen \/ Archive Artist Publications","robots":{"index":"index","follow":"follow","max-snippet":"max-snippet:-1","max-image-preview":"max-image-preview:large","max-video-preview":"max-video-preview:-1"},"canonical":"https:\/\/artistbooks.de\/blog\/about\/","og_locale":"de_DE","og_type":"article","og_title":"\u00dcber das Archiv Artist Publications - BLOG \u2022 Archive Artist Publications Archiv K\u00fcnstlerpublikationen \u2022 AAP","og_description":"AAP Archiv f\u00fcr K\u00fcnstlerpublikationen \/ Archive Artist Publications","og_url":"https:\/\/artistbooks.de\/blog\/about\/","og_site_name":"BLOG \u2022 Archive Artist Publications Archiv K\u00fcnstlerpublikationen \u2022 AAP","article_publisher":"https:\/\/www.facebook.com\/aap.archive.artist.publications\/","article_modified_time":"2023-03-08T19:41:57+00:00","twitter_card":"summary_large_image","twitter_site":"@mail04140299","twitter_misc":{"Gesch\u00e4tzte Lesezeit":"3\u00a0Minuten"},"schema":{"@context":"https:\/\/schema.org","@graph":[{"@type":"WebPage","@id":"https:\/\/artistbooks.de\/blog\/about\/","url":"https:\/\/artistbooks.de\/blog\/about\/","name":"\u00dcber das Archiv Artist Publications - BLOG \u2022 Archive Artist Publications Archiv K\u00fcnstlerpublikationen \u2022 AAP","isPartOf":{"@id":"https:\/\/artistbooks.de\/blog\/#website"},"datePublished":"2013-11-04T09:57:23+00:00","dateModified":"2023-03-08T19:41:57+00:00","description":"AAP Archiv f\u00fcr K\u00fcnstlerpublikationen \/ Archive Artist Publications","breadcrumb":{"@id":"https:\/\/artistbooks.de\/blog\/about\/#breadcrumb"},"inLanguage":"de","potentialAction":[{"@type":"ReadAction","target":["https:\/\/artistbooks.de\/blog\/about\/"]}]},{"@type":"BreadcrumbList","@id":"https:\/\/artistbooks.de\/blog\/about\/#breadcrumb","itemListElement":[{"@type":"ListItem","position":1,"name":"Startseite","item":"https:\/\/artistbooks.de\/blog\/"},{"@type":"ListItem","position":2,"name":"\u00dcber das Archiv Artist Publications"}]},{"@type":"WebSite","@id":"https:\/\/artistbooks.de\/blog\/#website","url":"https:\/\/artistbooks.de\/blog\/","name":"AAP Archive Artist Publications Archiv K\u00fcnstlerpublikationen","description":"Beitr\u00e4ge zu internationalen K\u00fcnstlerPublikationen","publisher":{"@id":"https:\/\/artistbooks.de\/blog\/#organization"},"potentialAction":[{"@type":"SearchAction","target":{"@type":"EntryPoint","urlTemplate":"https:\/\/artistbooks.de\/blog\/?s={search_term_string}"},"query-input":{"@type":"PropertyValueSpecification","valueRequired":true,"valueName":"search_term_string"}}],"inLanguage":"de"},{"@type":"Organization","@id":"https:\/\/artistbooks.de\/blog\/#organization","name":"AAP Archive Artist Publications - Archiv K\u00fcnstlerb\u00fccher","url":"https:\/\/artistbooks.de\/blog\/","logo":{"@type":"ImageObject","inLanguage":"de","@id":"https:\/\/artistbooks.de\/blog\/#\/schema\/logo\/image\/","url":"https:\/\/artistbooks.de\/blog\/wp-content\/uploads\/AAP-Logo.jpg","contentUrl":"https:\/\/artistbooks.de\/blog\/wp-content\/uploads\/AAP-Logo.jpg","width":500,"height":117,"caption":"AAP Archive Artist Publications - Archiv K\u00fcnstlerb\u00fccher"},"image":{"@id":"https:\/\/artistbooks.de\/blog\/#\/schema\/logo\/image\/"},"sameAs":["https:\/\/www.facebook.com\/aap.archive.artist.publications\/","https:\/\/x.com\/mail04140299","https:\/\/www.instagram.com\/archiveartistpublications\/","https:\/\/de.wikipedia.org\/wiki\/Archive_Artist_Publications"]}]}},"_links":{"self":[{"href":"https:\/\/artistbooks.de\/blog\/wp-json\/wp\/v2\/pages\/1981","targetHints":{"allow":["GET"]}}],"collection":[{"href":"https:\/\/artistbooks.de\/blog\/wp-json\/wp\/v2\/pages"}],"about":[{"href":"https:\/\/artistbooks.de\/blog\/wp-json\/wp\/v2\/types\/page"}],"author":[{"embeddable":true,"href":"https:\/\/artistbooks.de\/blog\/wp-json\/wp\/v2\/users\/14"}],"replies":[{"embeddable":true,"href":"https:\/\/artistbooks.de\/blog\/wp-json\/wp\/v2\/comments?post=1981"}],"version-history":[{"count":38,"href":"https:\/\/artistbooks.de\/blog\/wp-json\/wp\/v2\/pages\/1981\/revisions"}],"predecessor-version":[{"id":5235,"href":"https:\/\/artistbooks.de\/blog\/wp-json\/wp\/v2\/pages\/1981\/revisions\/5235"}],"wp:attachment":[{"href":"https:\/\/artistbooks.de\/blog\/wp-json\/wp\/v2\/media?parent=1981"}],"curies":[{"name":"wp","href":"https:\/\/api.w.org\/{rel}","templated":true}]}}