{"id":2060,"date":"2013-12-25T16:01:45","date_gmt":"2013-12-25T15:01:45","guid":{"rendered":"http:\/\/artistbooks.de\/blog\/?page_id=2060"},"modified":"2014-08-14T14:23:33","modified_gmt":"2014-08-14T12:23:33","slug":"kunstlerbucher","status":"publish","type":"page","link":"https:\/\/artistbooks.de\/blog\/kunstlerbucher\/","title":{"rendered":"Was sind K\u00fcnstlerb\u00fccher"},"content":{"rendered":"<h2>Zum Thema K\u00fcnstlerb\u00fccher<\/h2>\n<p>Seit dem En\u00adde der sech\u00adzi\u00adger Jah\u00adre sind in Eu\u00adro\u00adpa und Ame\u00adri\u00adka in Ga\u00adle\u00adrien und Aus\u00adstel\u00adlun\u00adgen, sel\u00adte\u00adner in Buch\u00adhand\u00adlun\u00adgen, in wach\u00adsen\u00addem Ma\u00ad\u00dfe Ar\u00adbei\u00adten zu se\u00adhen, die in der Mehr\u00adzahl als Kunst\u00adge\u00adgen\u00adst\u00e4n\u00adde und nicht als Wer\u00adke der Schrift\u00adkul\u00adtur oder des In\u00adfor\u00adma\u00adti\u00adons\u00adsek\u00adtors vor\u00adge\u00adstellt wer\u00adden, ob\u00adwohl ih\u00adre un\u00adter\u00adschied\u00adli\u00adchen Be\u00adzeich\u00adnun\u00adgen in ir\u00adgend\u00adei\u00adner Wei\u00adse stets mit dem Na\u00admen \u201cBuch\u201d ge\u00adbil\u00addet wer\u00adden. Die Buch\u00adob\u00adjek\u00adte, K\u00fcnst\u00adler\u00adb\u00fc\u00adcher, Ob\u00adjekt\u00adb\u00fc\u00adcher, ar\u00adtists\u2019 books, book ob\u00adjects, li\u00adv\u00adres d\u2019ar\u00adtis\u00adte las\u00adsen durch\u00adaus ei\u00adne Ver\u00adwandt\u00adschaft mit her\u00adk\u00f6mm\u00adli\u00adchen B\u00fc\u00adchern er\u00adken\u00adnen, an de\u00adren Her\u00adstel\u00adlung eben\u00adfalls bil\u00adden\u00adde K\u00fcnst\u00adler be\u00adtei\u00adligt wa\u00adren, aber der un\u00advor\u00adbe\u00adrei\u00adte\u00adte Be\u00adtrach\u00adter er\u00adkennt sie in der Re\u00adgel doch nicht als sol\u00adche an, weil er zu\u00adgleich mas\u00adsi\u00adve Merk\u00adma\u00adle an ih\u00adnen wahr\u00adnimmt, die dem tra\u00addi\u00adtio\u00adnel\u00adlen Buch g\u00e4nz\u00adlich fremd sind. Die\u00adse be\u00adfrem\u00adden\u00adden Merk\u00adma\u00adle sind nicht nur be\u00adson\u00adders auf\u00adf\u00e4l\u00adlig, son\u00addern be\u00adstim\u00admen in ih\u00adrer Viel\u00adge\u00adstal\u00adtig\u00adkeit auch vor\u00adran\u00adgig Ge\u00adstalt und Ty\u00adpik der neu\u00aden Buch\u00adge\u00adbil\u00adde. Nicht sel\u00adten sind aus g\u00e4nz\u00adlich buch\u00adfrem\u00adden Stof\u00adfen wie Be\u00adton, Stein, Me\u00adtall oder Glas \u201cB\u00fc\u00adcher\u201d ge\u00adbil\u00addet wor\u00adden, die man nur in sel\u00adtens\u00adten F\u00e4l\u00adlen \u00f6ff\u00adnen kann und die dann das An\u00adse\u00adhen von Skulp\u00adtu\u00adren ha\u00adben k\u00f6n\u00adnen. Zei\u00adtungs\u00adpho\u00adtos, bun\u00adte Ma\u00adga\u00adzin\u00adbil\u00adder als Col\u00adla\u00adge\u00adma\u00adte\u00adri\u00adal, Nop\u00adpen\u00adgum\u00admi, Sand\u00adpa\u00adpier, Plas\u00adtik\u00adfo\u00adli\u00aden, In\u00addus\u00adtrie\u00adab\u00adf\u00e4l\u00adle, Stahl- und Alu\u00admi\u00adni\u00adum\u00adble\u00adche, Xe\u00adro\u00adko\u00adpien wur\u00adden ver\u00adwen\u00addet, zum Teil ge\u00adsell\u00adschaft\u00adlich sub\u00adver\u00adsiv, be\u00adtont l\u00e4s\u00adsig-un\u00adkon\u00adven\u00adtio\u00adnell in Sprach\u00adstil wie tech\u00adni\u00adscher Aus\u00adf\u00fch\u00adrung. Ein be\u00adson\u00adde\u00adrer Be\u00adreich neu\u00ader \u201cBuch\u00adfor\u00admen\u201d und ge\u00addruck\u00adter Kom\u00admu\u00adni\u00adka\u00adti\u00adon er\u00adgab sich im Zu\u00adsam\u00admen\u00adhang der Flu\u00adxus-Be\u00adwe\u00adgung, aus\u00adge\u00adhend von Ge\u00ador\u00adge Brecht und Maciu\u00adnas. Hier ent\u00adstan\u00adden bei al\u00adler schein\u00adba\u00adren for\u00adma\u00adlen Sorg\u00adlo\u00adsig\u00adkeit und dem be\u00adwu\u00df\u00adten Ein\u00adsatz meist ein\u00adfachs\u00adter Ma\u00adte\u00adria\u00adli\u00aden wie et\u00adwa ge\u00adstanz\u00adte Loch\u00adkar\u00adten, Pack\u00adpa\u00adpier, Zei\u00adtungs\u00adsei\u00adten, tri\u00advia\u00adlen Post\u00adkar\u00adten u.s.w. in\u00adtel\u00adlek\u00adtu\u00adell eben\u00adso an\u00adspruchs\u00advol\u00adle wie an\u00adre\u00adgen\u00adde Kom\u00adple\u00adxe, die im wei\u00adtes\u00adten Sin\u00adne der Buch\u00adkunst zu\u00adzu\u00adrech\u00adnen&nbsp;sind.<\/p>\n<p>Die USA, mit ei\u00adner ver\u00adgleichs\u00adwei\u00adse gro\u00ad\u00dfen Zahl an Aus\u00adstel\u00adlun\u00adgen und ei\u00adnem leb\u00adhaf\u00adten Markt von ar\u00adtists\u2019 books und book ob\u00adjects, ge\u00adwan\u00adnen an Do\u00admi\u00adnanz, aber auch Deutsch\u00adland hat nun die Re\u00adtar\u00addie\u00adrung durch Na\u00adtio\u00adnal\u00adso\u00adzia\u00adlis\u00admus und Nach\u00adkriegs\u00adnot \u00fcber\u00adwun\u00adden und zeigt mit ei\u00adner neu\u00aden K\u00fcnst\u00adler\u00adge\u00adnera\u00adti\u00adon wie\u00adder ei\u00adge\u00adnes Pro\u00adfil. Viel st\u00e4r\u00adker als die meis\u00adten vor\u00adan\u00adge\u00adgan\u00adge\u00adnen B\u00fc\u00adcher sind die K\u00fcnst\u00adler\u00adb\u00fc\u00adcher nach 1960 aus ei\u00adnem Kon\u00adzept her\u00adaus ent\u00adwi\u00adckelt, das ent\u00adwe\u00adder ein rein ge\u00adstal\u00adte\u00adri\u00adsches ist, oder es ent\u00adsteht ein en\u00adger, aus in\u00adne\u00adrer Not\u00adwen\u00addig\u00adkeit her\u00adaus ge\u00adspeis\u00adter Dia\u00adlog zwi\u00adschen dem Au\u00adtor und dem K\u00fcnst\u00adler bei der Ent\u00adwick\u00adlung der Buch\u00adidee. Es ist da\u00adher nicht \u00fcber\u00adra\u00adschend, da\u00df in den letz\u00adten Jah\u00adren die zeit\u00adge\u00adn\u00f6s\u00adsi\u00adschen Au\u00adtoren die star\u00adke Auf\u00admerk\u00adsam\u00adkeit der Buch\u00adk\u00fcnst\u00adler ge\u00adfun\u00adden ha\u00adben. Da\u00df die ge\u00adgen\u00adw\u00e4r\u00adti\u00adge Buch\u00adkunst so\u00adviel an ge\u00adgen\u00adw\u00e4r\u00adti\u00adgen Tex\u00adten bie\u00adtet, ist si\u00adcher ei\u00adner ih\u00adrer be\u00adson\u00adde\u00adren Vor\u00adz\u00fc\u00adge und An\u00adzie\u00adhungs\u00adpunk\u00adte. Es ist des\u00adhalb auch si\u00adcher kein Zu\u00adfall, da\u00df bei nicht we\u00adni\u00adgen die\u00adser K\u00fcnst\u00adler\u00adb\u00fc\u00adcher der Ma\u00adler oder Bild\u00adhau\u00ader selbst die Tex\u00adte schreibt oder zu\u00admin\u00addest zu\u00adsam\u00admen\u00adstellt, Vor\u00adl\u00e4u\u00adfer in Deutsch\u00adland wa\u00adren Ko\u00adkosch\u00adka und Bar\u00adlach. For\u00adma\u00adle und k\u00fcnst\u00adle\u00adri\u00adsche Ge\u00adstal\u00adtung ei\u00adner\u00adseits und der Text an\u00adde\u00adrer\u00adseits er\u00adrei\u00adchen da\u00admit ei\u00adne neue Stu\u00adfe in\u00adten\u00adsi\u00adver In\u00adter\u00adak\u00adti\u00adon. Am En\u00adde des Jahr\u00adhun\u00adderts kann man si\u00adcher zu Recht sa\u00adgen, da\u00df sich in ste\u00adti\u00adger Fort\u00adent\u00adwick\u00adlung ei\u00adne Viel\u00adf\u00e4l\u00adtig\u00adkeit k\u00fcnst\u00adle\u00adri\u00adscher Aus\u00addrucks\u00adfor\u00admen im Buch ent\u00adwi\u00adckelt hat, wie sie es nie zu\u00advor gab. Das Buch ist, wie Plas\u00adtik, Ma\u00adle\u00adrei, Gra\u00adphik etc. zu ei\u00adner ei\u00adgen\u00adst\u00e4n\u00addi\u00adgen, k\u00fcnst\u00adle\u00adri\u00adschen Aus\u00addrucks\u00adform ge\u00adwor\u00adden. Die Ent\u00adwick\u00adlung ist noch in vol\u00adlem Gan\u00adge, und die jetzt wirk\u00adsa\u00admen Ten\u00adden\u00adzen und Prin\u00adzi\u00adpi\u00aden wer\u00adden mit Si\u00adcher\u00adheit weit ins 21. Jahr\u00adhun\u00addert hin\u00adein wirk\u00adsam bleiben.<\/p>\n<p>Die sech\u00adzi\u00adger und sieb\u00adzi\u00adger Jah\u00adre stell\u00adten f\u00fcr vie\u00adle K\u00fcnst\u00adler ei\u00adne Zeit des Ex\u00adpe\u00adri\u00admen\u00adtie\u00adrens mit neu\u00aden For\u00admen der Selbst\u00adver\u00admark\u00adtung dar. Die Form der Pro\u00addu\u00adzen\u00adten\u00adga\u00adle\u00adrie und das Selbst\u00adver\u00adle\u00adgen von B\u00fc\u00adchern und Zeit\u00adschrif\u00adten wa\u00adren we\u00adsent\u00adli\u00adcher Be\u00adstand\u00adteil der neu\u00aden Stra\u00adte\u00adgien. Die Ver\u00adf\u00fcg\u00adbar\u00adkeit schnel\u00adler, un\u00adkom\u00adpli\u00adzier\u00adter und preis\u00adg\u00fcns\u00adti\u00adger Pro\u00adduk\u00adti\u00adons\u00adme\u00adtho\u00adden hat die K\u00fcnst\u00adler er\u00admu\u00adtigt, ein\u00adge\u00adfah\u00adre\u00adne We\u00adge der Kom\u00admu\u00adni\u00adka\u00adti\u00adon auf\u00adzu\u00adbre\u00adchen und in\u00adter\u00adna\u00adtio\u00adna\u00adle Kom\u00admu\u00adni\u00adka\u00adti\u00adons- und Dis\u00adtri\u00adbu\u00adti\u00adons\u00adnetz\u00adte aufzubauen.<\/p>\n<p>(Aus: B\u00fc\u00adcher\u00adlust. Buch\u00adkunst und B\u00fc\u00adcher\u00adlu\u00adxus im 20.Jahrhundert. Bei\u00adspie\u00adle aus ei\u00adner Stutt\u00adgar\u00adter Samm\u00adlung, aus\u00adge\u00adw\u00e4hlt und kom\u00admen\u00adtiert von Wulf D. von Lu\u00adci\u00adus, Stgt. 1998, SS. 73\u201377; K\u00fcnst\u00adler\u00adb\u00fc\u00adcher Ar\u00adtists\u2019 Books Book as Art. Aus\u00adstel\u00adlung Do\u00adku\u00admen\u00adta\u00adti\u00adon Ka\u00adta\u00adlo\u00adge Kri\u00adti\u00adken. Ei\u00adne Ana\u00adly\u00adse von Ar\u00adtur Brall. Ffm. 1986, SS. 3\u20136).<\/p>\n<p>Sie\u00adhe auch <a href=\"http:\/\/www.artistbooks.de\/statements\/statements.htm\" target=\"_blank\"><strong>State\u00adments <\/strong><\/a>auf der Web\u00adsei\u00adte des <a href=\"http:\/\/www.artistbooks.de\/\" target=\"_blank\">Ar\u00adchi\u00adve Ar\u00adtist Publications<\/a><\/p>\n","protected":false},"excerpt":{"rendered":"<p>Zum The\u00adma K\u00fcnst\u00adler\u00adb\u00fc\u00adcher Seit dem En\u00adde der sech\u00adzi\u00adger Jah\u00adre sind in Eu\u00adro\u00adpa und Ame\u00adri\u00adka in Ga\u00adle\u00adrien und Aus\u00adstel\u00adlun\u00adgen, sel\u00adte\u00adner in Buch\u00adhand\u00adlun\u00adgen, in wach\u00adsen\u00addem Ma\u00ad\u00dfe Ar\u00adbei\u00adten zu se\u00adhen, die in der Mehr\u00adzahl als Kunst\u00adge\u00adgen\u00adst\u00e4n\u00adde und nicht als Wer\u00adke der Schrift\u00adkul\u00adtur oder des In\u00adfor\u00adma\u00adti\u00adons\u00adsek\u00adtors vor\u00adge\u00adstellt wer\u00adden, ob\u00adwohl ih\u00adre un\u00adter\u00adschied\u00adli\u00adchen Be\u00adzeich\u00adnun\u00adgen in ir\u00adgend\u00adei\u00adner Wei\u00adse stets mit dem&nbsp;Namen&nbsp;[\u2026]<\/p>\n","protected":false},"author":14,"featured_media":0,"parent":0,"menu_order":2,"comment_status":"closed","ping_status":"closed","template":"","meta":{"wp_typography_post_enhancements_disabled":false,"footnotes":""},"class_list":["post-2060","page","type-page","status-publish","hentry"],"yoast_head":"<!-- This site is optimized with the Yoast SEO plugin v27.3 - https:\/\/yoast.com\/product\/yoast-seo-wordpress\/ -->\n<title>Was sind K\u00fcnstlerb\u00fccher - BLOG \u2022 Archive Artist Publications Archiv K\u00fcnstlerpublikationen \u2022 AAP<\/title>\n<meta name=\"description\" content=\"AAP Archiv f\u00fcr K\u00fcnstlerpublikationen \/ Archive Artist Publications\" \/>\n<meta name=\"robots\" content=\"index, follow, max-snippet:-1, max-image-preview:large, max-video-preview:-1\" \/>\n<link rel=\"canonical\" href=\"https:\/\/artistbooks.de\/blog\/kunstlerbucher\/\" \/>\n<meta property=\"og:locale\" content=\"de_DE\" \/>\n<meta property=\"og:type\" content=\"article\" \/>\n<meta property=\"og:title\" content=\"Was sind K\u00fcnstlerb\u00fccher - BLOG \u2022 Archive Artist Publications Archiv K\u00fcnstlerpublikationen \u2022 AAP\" \/>\n<meta property=\"og:description\" content=\"AAP Archiv f\u00fcr K\u00fcnstlerpublikationen \/ Archive Artist Publications\" \/>\n<meta property=\"og:url\" content=\"https:\/\/artistbooks.de\/blog\/kunstlerbucher\/\" \/>\n<meta property=\"og:site_name\" content=\"BLOG \u2022 Archive Artist Publications Archiv K\u00fcnstlerpublikationen \u2022 AAP\" \/>\n<meta property=\"article:publisher\" content=\"https:\/\/www.facebook.com\/aap.archive.artist.publications\/\" \/>\n<meta property=\"article:modified_time\" content=\"2014-08-14T12:23:33+00:00\" \/>\n<meta name=\"twitter:card\" content=\"summary_large_image\" \/>\n<meta name=\"twitter:site\" content=\"@mail04140299\" \/>\n<meta name=\"twitter:label1\" content=\"Gesch\u00e4tzte Lesezeit\" \/>\n\t<meta name=\"twitter:data1\" content=\"3\u00a0Minuten\" \/>\n<script type=\"application\/ld+json\" class=\"yoast-schema-graph\">{\"@context\":\"https:\\\/\\\/schema.org\",\"@graph\":[{\"@type\":\"WebPage\",\"@id\":\"https:\\\/\\\/artistbooks.de\\\/blog\\\/kunstlerbucher\\\/\",\"url\":\"https:\\\/\\\/artistbooks.de\\\/blog\\\/kunstlerbucher\\\/\",\"name\":\"Was sind K\u00fcnstlerb\u00fccher - BLOG \u2022 Archive Artist Publications Archiv K\u00fcnstlerpublikationen \u2022 AAP\",\"isPartOf\":{\"@id\":\"https:\\\/\\\/artistbooks.de\\\/blog\\\/#website\"},\"datePublished\":\"2013-12-25T15:01:45+00:00\",\"dateModified\":\"2014-08-14T12:23:33+00:00\",\"description\":\"AAP Archiv f\u00fcr K\u00fcnstlerpublikationen \\\/ Archive Artist Publications\",\"breadcrumb\":{\"@id\":\"https:\\\/\\\/artistbooks.de\\\/blog\\\/kunstlerbucher\\\/#breadcrumb\"},\"inLanguage\":\"de\",\"potentialAction\":[{\"@type\":\"ReadAction\",\"target\":[\"https:\\\/\\\/artistbooks.de\\\/blog\\\/kunstlerbucher\\\/\"]}]},{\"@type\":\"BreadcrumbList\",\"@id\":\"https:\\\/\\\/artistbooks.de\\\/blog\\\/kunstlerbucher\\\/#breadcrumb\",\"itemListElement\":[{\"@type\":\"ListItem\",\"position\":1,\"name\":\"Startseite\",\"item\":\"https:\\\/\\\/artistbooks.de\\\/blog\\\/\"},{\"@type\":\"ListItem\",\"position\":2,\"name\":\"Was sind K\u00fcnstlerb\u00fccher\"}]},{\"@type\":\"WebSite\",\"@id\":\"https:\\\/\\\/artistbooks.de\\\/blog\\\/#website\",\"url\":\"https:\\\/\\\/artistbooks.de\\\/blog\\\/\",\"name\":\"AAP Archive Artist Publications Archiv K\u00fcnstlerpublikationen\",\"description\":\"Beitr\u00e4ge zu internationalen K\u00fcnstlerPublikationen\",\"publisher\":{\"@id\":\"https:\\\/\\\/artistbooks.de\\\/blog\\\/#organization\"},\"potentialAction\":[{\"@type\":\"SearchAction\",\"target\":{\"@type\":\"EntryPoint\",\"urlTemplate\":\"https:\\\/\\\/artistbooks.de\\\/blog\\\/?s={search_term_string}\"},\"query-input\":{\"@type\":\"PropertyValueSpecification\",\"valueRequired\":true,\"valueName\":\"search_term_string\"}}],\"inLanguage\":\"de\"},{\"@type\":\"Organization\",\"@id\":\"https:\\\/\\\/artistbooks.de\\\/blog\\\/#organization\",\"name\":\"AAP Archive Artist Publications - Archiv K\u00fcnstlerb\u00fccher\",\"url\":\"https:\\\/\\\/artistbooks.de\\\/blog\\\/\",\"logo\":{\"@type\":\"ImageObject\",\"inLanguage\":\"de\",\"@id\":\"https:\\\/\\\/artistbooks.de\\\/blog\\\/#\\\/schema\\\/logo\\\/image\\\/\",\"url\":\"https:\\\/\\\/artistbooks.de\\\/blog\\\/wp-content\\\/uploads\\\/AAP-Logo.jpg\",\"contentUrl\":\"https:\\\/\\\/artistbooks.de\\\/blog\\\/wp-content\\\/uploads\\\/AAP-Logo.jpg\",\"width\":500,\"height\":117,\"caption\":\"AAP Archive Artist Publications - Archiv K\u00fcnstlerb\u00fccher\"},\"image\":{\"@id\":\"https:\\\/\\\/artistbooks.de\\\/blog\\\/#\\\/schema\\\/logo\\\/image\\\/\"},\"sameAs\":[\"https:\\\/\\\/www.facebook.com\\\/aap.archive.artist.publications\\\/\",\"https:\\\/\\\/x.com\\\/mail04140299\",\"https:\\\/\\\/www.instagram.com\\\/archiveartistpublications\\\/\",\"https:\\\/\\\/de.wikipedia.org\\\/wiki\\\/Archive_Artist_Publications\"]}]}<\/script>\n<!-- \/ Yoast SEO plugin. -->","yoast_head_json":{"title":"Was sind K\u00fcnstlerb\u00fccher - BLOG \u2022 Archive Artist Publications Archiv K\u00fcnstlerpublikationen \u2022 AAP","description":"AAP Archiv f\u00fcr K\u00fcnstlerpublikationen \/ Archive Artist Publications","robots":{"index":"index","follow":"follow","max-snippet":"max-snippet:-1","max-image-preview":"max-image-preview:large","max-video-preview":"max-video-preview:-1"},"canonical":"https:\/\/artistbooks.de\/blog\/kunstlerbucher\/","og_locale":"de_DE","og_type":"article","og_title":"Was sind K\u00fcnstlerb\u00fccher - BLOG \u2022 Archive Artist Publications Archiv K\u00fcnstlerpublikationen \u2022 AAP","og_description":"AAP Archiv f\u00fcr K\u00fcnstlerpublikationen \/ Archive Artist Publications","og_url":"https:\/\/artistbooks.de\/blog\/kunstlerbucher\/","og_site_name":"BLOG \u2022 Archive Artist Publications Archiv K\u00fcnstlerpublikationen \u2022 AAP","article_publisher":"https:\/\/www.facebook.com\/aap.archive.artist.publications\/","article_modified_time":"2014-08-14T12:23:33+00:00","twitter_card":"summary_large_image","twitter_site":"@mail04140299","twitter_misc":{"Gesch\u00e4tzte Lesezeit":"3\u00a0Minuten"},"schema":{"@context":"https:\/\/schema.org","@graph":[{"@type":"WebPage","@id":"https:\/\/artistbooks.de\/blog\/kunstlerbucher\/","url":"https:\/\/artistbooks.de\/blog\/kunstlerbucher\/","name":"Was sind K\u00fcnstlerb\u00fccher - BLOG \u2022 Archive Artist Publications Archiv K\u00fcnstlerpublikationen \u2022 AAP","isPartOf":{"@id":"https:\/\/artistbooks.de\/blog\/#website"},"datePublished":"2013-12-25T15:01:45+00:00","dateModified":"2014-08-14T12:23:33+00:00","description":"AAP Archiv f\u00fcr K\u00fcnstlerpublikationen \/ Archive Artist Publications","breadcrumb":{"@id":"https:\/\/artistbooks.de\/blog\/kunstlerbucher\/#breadcrumb"},"inLanguage":"de","potentialAction":[{"@type":"ReadAction","target":["https:\/\/artistbooks.de\/blog\/kunstlerbucher\/"]}]},{"@type":"BreadcrumbList","@id":"https:\/\/artistbooks.de\/blog\/kunstlerbucher\/#breadcrumb","itemListElement":[{"@type":"ListItem","position":1,"name":"Startseite","item":"https:\/\/artistbooks.de\/blog\/"},{"@type":"ListItem","position":2,"name":"Was sind K\u00fcnstlerb\u00fccher"}]},{"@type":"WebSite","@id":"https:\/\/artistbooks.de\/blog\/#website","url":"https:\/\/artistbooks.de\/blog\/","name":"AAP Archive Artist Publications Archiv K\u00fcnstlerpublikationen","description":"Beitr\u00e4ge zu internationalen K\u00fcnstlerPublikationen","publisher":{"@id":"https:\/\/artistbooks.de\/blog\/#organization"},"potentialAction":[{"@type":"SearchAction","target":{"@type":"EntryPoint","urlTemplate":"https:\/\/artistbooks.de\/blog\/?s={search_term_string}"},"query-input":{"@type":"PropertyValueSpecification","valueRequired":true,"valueName":"search_term_string"}}],"inLanguage":"de"},{"@type":"Organization","@id":"https:\/\/artistbooks.de\/blog\/#organization","name":"AAP Archive Artist Publications - Archiv K\u00fcnstlerb\u00fccher","url":"https:\/\/artistbooks.de\/blog\/","logo":{"@type":"ImageObject","inLanguage":"de","@id":"https:\/\/artistbooks.de\/blog\/#\/schema\/logo\/image\/","url":"https:\/\/artistbooks.de\/blog\/wp-content\/uploads\/AAP-Logo.jpg","contentUrl":"https:\/\/artistbooks.de\/blog\/wp-content\/uploads\/AAP-Logo.jpg","width":500,"height":117,"caption":"AAP Archive Artist Publications - Archiv K\u00fcnstlerb\u00fccher"},"image":{"@id":"https:\/\/artistbooks.de\/blog\/#\/schema\/logo\/image\/"},"sameAs":["https:\/\/www.facebook.com\/aap.archive.artist.publications\/","https:\/\/x.com\/mail04140299","https:\/\/www.instagram.com\/archiveartistpublications\/","https:\/\/de.wikipedia.org\/wiki\/Archive_Artist_Publications"]}]}},"_links":{"self":[{"href":"https:\/\/artistbooks.de\/blog\/wp-json\/wp\/v2\/pages\/2060","targetHints":{"allow":["GET"]}}],"collection":[{"href":"https:\/\/artistbooks.de\/blog\/wp-json\/wp\/v2\/pages"}],"about":[{"href":"https:\/\/artistbooks.de\/blog\/wp-json\/wp\/v2\/types\/page"}],"author":[{"embeddable":true,"href":"https:\/\/artistbooks.de\/blog\/wp-json\/wp\/v2\/users\/14"}],"replies":[{"embeddable":true,"href":"https:\/\/artistbooks.de\/blog\/wp-json\/wp\/v2\/comments?post=2060"}],"version-history":[{"count":11,"href":"https:\/\/artistbooks.de\/blog\/wp-json\/wp\/v2\/pages\/2060\/revisions"}],"predecessor-version":[{"id":2624,"href":"https:\/\/artistbooks.de\/blog\/wp-json\/wp\/v2\/pages\/2060\/revisions\/2624"}],"wp:attachment":[{"href":"https:\/\/artistbooks.de\/blog\/wp-json\/wp\/v2\/media?parent=2060"}],"curies":[{"name":"wp","href":"https:\/\/api.w.org\/{rel}","templated":true}]}}