{"id":2083,"date":"2013-12-25T16:54:59","date_gmt":"2013-12-25T15:54:59","guid":{"rendered":"http:\/\/artistbooks.de\/blog\/?page_id=2083"},"modified":"2024-08-29T16:24:59","modified_gmt":"2024-08-29T14:24:59","slug":"about-the-archive","status":"publish","type":"page","link":"https:\/\/artistbooks.de\/blog\/about-the-archive\/","title":{"rendered":"About the&nbsp;AAP"},"content":{"rendered":"<h2><strong>About the Collection Hubert Kretschmer&nbsp;<\/strong><\/h2>\n<p>Sin\u00adce 1980 Hu\u00adbert Kret\u00adschmer has coll\u00adec\u00adted, ar\u00adchi\u00adved and do\u00adcu\u00admen\u00adted ar\u00adtist pu\u00adbli\u00adca\u00adti\u00adons for his AAP <em>Ar\u00adchi\u00adve Ar\u00adtist Pu\u00adbli\u00adca\u00adti\u00adons<\/em>: ar\u00adtist books, ma\u00adga\u00adzi\u00adnes, fly\u00aders, zi\u00adnes, mul\u00adti\u00adples, pos\u00adters,&nbsp;<span lang=\"en\">eph\u00ademera<\/span> and ma\u00adny mo\u00adre. This In\u00adde\u00adpen\u00addent Ar\u00adchi\u00adve Pro\u00adject was foun\u00added in Mu\u00adnich by the pu\u00adblisher, ar\u00adtist and art edu\u00adca\u00adtor Hu\u00adbert Kretschmer.<br> It all be\u00adgan wi\u00adth th\u00adree ex\u00adhi\u00adbits on ar\u00adtist books in the <strong><em>Pro\u00addu\u00adzen\u00adten\u00adga\u00adle\u00adrie Adel\u00adgun\u00adden\u00adstra\u00ad\u00dfe<\/em><\/strong> (Mu\u00adnich) in 1979. It was the trig\u00adger for the foun\u00adding of <a href=\"http:\/\/www.verlag-hubert-kretschmer.de\/\" target=\"_blank\" rel=\"noopener noreferrer\"><em><strong>Ver\u00adlag <span class=\"amp\">&amp;<\/span>&nbsp;Dis\u00adtri\u00adbu\u00adti\u00adon Hu\u00adbert Kret\u00adschmer<\/strong><\/em><\/a> [Pu\u00adblisher <span class=\"amp\">&amp;<\/span>&nbsp;Dis\u00adtri\u00adbu\u00adti\u00adon Hu\u00adbert Kret\u00adschmer]. His aim was to make it pos\u00adsi\u00adble for ar\u00adtist-pro\u00addu\u00adced me\u00addia to have a&nbsp;pre\u00adsence on an in\u00adter\u00adna\u00adtio\u00adnal platform.<br> Whe\u00adther at the Frank\u00adfur\u00adter Buch\u00admes\u00adse, the Mi\u00adni\u00adpres\u00adsen\u00admes\u00adse in Mainz, the Ge\u00adgen\u00adBuch\u00admes\u00adse in Frank\u00adfurt, the Art Ba\u00adsel, Art Co\u00adlo\u00adgne, Art Frank\u00adfurt, Art Mul\u00adti\u00adple in D\u00fcs\u00adsel\u00addorf or the Ger\u00adman Book Fair in New York \u2013 for ma\u00adny ye\u00adars the pu\u00adblisher was re\u00adpre\u00adsen\u00adted the world over, which led to the phe\u00adno\u00adme\u00adna Kunst\u00adler\u00adPu\u00adbli\u00adka\u00adtio\u00adnen= Ar\u00adtists Pu\u00adbli\u00adca\u00adti\u00adons be\u00adco\u00adming so well&nbsp;known.<br> A&nbsp;net\u00adwork de\u00adve\u00adlo\u00adped from the per\u00adso\u00adnal re\u00adla\u00adti\u00adonships wi\u00adth ar\u00adtists, in\u00adter\u00adna\u00adtio\u00adnal pri\u00adva\u00adte coll\u00adec\u00adtors, book and art dea\u00adlers as well as li\u00adbra\u00adri\u00ades, en\u00adab\u00adling Hu\u00adbert Kret\u00adschmer to fur\u00adther en\u00adlar\u00adge his com\u00adpre\u00adhen\u00adsi\u00adve ar\u00adchi\u00adve. To\u00adday it com\u00adpri\u00adses cir\u00adca 120,000 items of va\u00adry\u00ading me\u00addia, its main em\u00adpha\u00adsis on the 1980s. Of the\u00adse about 90,000 are pu\u00adblicly ac\u00adces\u00adsi\u00adble in the <a href=\"http:\/\/www.artistbooks.de\/suchen\/volltext-suchen.php\" target=\"_blank\" rel=\"noopener noreferrer\">on\u00adline ca\u00adta\u00adlo\u00adgue<\/a>.<\/p>\n<p>In con\u00adtrast to clas\u00adsic book art coll\u00adec\u00adtions, this pri\u00adva\u00adte coll\u00adec\u00adtion is not ge\u00adared toward va\u00adlu\u00adab\u00adly ador\u00adned bi\u00adblio\u00adphi\u00adle ob\u00adjects, but ra\u00adther towards pu\u00adbli\u00adca\u00adti\u00adons that we\u00adre pro\u00addu\u00adced wi\u00adth the simp\u00adlest ma\u00adte\u00adri\u00adals, li\u00adke fly\u00aders, co\u00adpied or sten\u00adci\u00adled ma\u00adga\u00adzi\u00adnes, edi\u00adti\u00adons in small num\u00adbers and si\u00admi\u00adlar items. As so-cal\u00adled \u201cgrey li\u00adte\u00adra\u00adtu\u00adre\u201d, such pu\u00adbli\u00adca\u00adti\u00adons are usual\u00adly not coll\u00adec\u00adted by pu\u00adblic li\u00adbra\u00adri\u00ades, de\u00adspi\u00adte pos\u00adses\u00adsing a&nbsp;high do\u00adcu\u00admen\u00adta\u00adtio\u00adnal va\u00adlue. Pu\u00adbli\u00adca\u00adti\u00adons by ar\u00adtists wi\u00adth a&nbsp;li\u00admi\u00adt\u00aded au\u00addi\u00adence and tho\u00adse which are not ar\u00adchi\u00adved per\u00adma\u00adnent\u00adly or in any cen\u00adtral ar\u00adchi\u00adve are the most com\u00admon. The ar\u00adchi\u00adve ar\u00adtist pu\u00adbli\u00adca\u00adti\u00adons would li\u00adke to con\u00adtri\u00adbu\u00adte to ma\u00adking this si\u00adgni\u00adfi\u00adcant field of ar\u00adtis\u00adtic pro\u00adduc\u00adtion per\u00adma\u00adnent\u00adly and pu\u00adblicly accessible.<br> The coll\u00adec\u00adtion en\u00adcom\u00adpas\u00adses mul\u00adti\u00adples, pos\u00adters, in\u00advi\u00adta\u00adti\u00adons, va\u00adrious re\u00adcor\u00addings, pho\u00adto\u00adco\u00adpies, stamps, vi\u00adde\u00ados, zi\u00adnes, CDs, ca\u00adta\u00adlo\u00adgues, news\u00adpa\u00adpers, web\u00adsites, se\u00adcon\u00adda\u00adry li\u00adte\u00adra\u00adtu\u00adre and ex\u00adhi\u00adbit ca\u00adta\u00adlo\u00adgues, which re\u00adflect the art trends of the past 35&nbsp;ye\u00adars up to to\u00adday: the off\u00adshoots of Flu\u00adxus, of hap\u00adpe\u00adnings and per\u00adfor\u00admance art, mail art, stamp art, the Neue Wil\u00adde, con\u00adcre\u00adte and vi\u00adsu\u00adal poet\u00adry, Con\u00adcep\u00adtu\u00adal art, ap\u00adpro\u00adpria\u00adti\u00adon art and co\u00adpy art. To a&nbsp;li\u00admi\u00adt\u00aded ext\u00adent, the coll\u00adec\u00adtion al\u00adso in\u00adten\u00adtio\u00adnal\u00adly in\u00adcludes ever\u00ady\u00adday pu\u00adbli\u00adca\u00adti\u00adons, li\u00adke mail-or\u00adder ca\u00adta\u00adlo\u00adgues and fa\u00adshion or life\u00adstyle ma\u00adga\u00adzi\u00adnes, in or\u00adder to cap\u00adtu\u00adre the zeitgeist.<br> The AAP <em>Ar\u00adchi\u00adve Ar\u00adtist Pu\u00adbli\u00adca\u00adti\u00adons<\/em> is con\u00adve\u00adni\u00adent\u00adly lo\u00adca\u00adted in the <em><strong>Mu\u00adnich Kunst\u00adare\u00adal<\/strong><\/em> [art dis\u00adtrict], 250&nbsp;me\u00adters north of the Brand\u00adhorst Mu\u00adse\u00adum. The coll\u00adec\u00adtion can be view\u00aded any\u00adti\u00adme by ap\u00adpoint\u00adment. We are plea\u00adsed to pro\u00advi\u00adde ex\u00adhi\u00adbit items for events and exhibits.<\/p>\n<p>Au\u00adgust&nbsp;2024<\/p>\n","protected":false},"excerpt":{"rendered":"<p>About the Coll\u00adec\u00adtion Hu\u00adbert Kret\u00adschmer&nbsp;Sin\u00adce 1980 Hu\u00adbert Kret\u00adschmer has coll\u00adec\u00adted, ar\u00adchi\u00adved and do\u00adcu\u00admen\u00adted ar\u00adtist pu\u00adbli\u00adca\u00adti\u00adons for his AAP Ar\u00adchi\u00adve Ar\u00adtist Pu\u00adbli\u00adca\u00adti\u00adons: ar\u00adtist books, ma\u00adga\u00adzi\u00adnes, fly\u00aders, zi\u00adnes, mul\u00adti\u00adples, pos\u00adters,&nbsp;eph\u00ademera and ma\u00adny mo\u00adre. This In\u00adde\u00adpen\u00addent Ar\u00adchi\u00adve Pro\u00adject was foun\u00added in Mu\u00adnich by the pu\u00adblisher, ar\u00adtist and art edu\u00adca\u00adtor Hu\u00adbert Kret\u00adschmer. It all be\u00adgan wi\u00adth th\u00adree exhibits&nbsp;[\u2026]<\/p>\n","protected":false},"author":14,"featured_media":0,"parent":0,"menu_order":1,"comment_status":"closed","ping_status":"closed","template":"","meta":{"wp_typography_post_enhancements_disabled":false,"footnotes":""},"class_list":["post-2083","page","type-page","status-publish","hentry"],"yoast_head":"<!-- This site is optimized with the Yoast SEO plugin v27.3 - https:\/\/yoast.com\/product\/yoast-seo-wordpress\/ -->\n<title>About the AAP - BLOG \u2022 Archive Artist Publications Archiv K\u00fcnstlerpublikationen \u2022 AAP<\/title>\n<meta name=\"description\" content=\"AAP Archiv f\u00fcr K\u00fcnstlerpublikationen \/ Archive Artist Publications\" \/>\n<meta name=\"robots\" content=\"index, follow, max-snippet:-1, max-image-preview:large, max-video-preview:-1\" \/>\n<link rel=\"canonical\" href=\"https:\/\/artistbooks.de\/blog\/about-the-archive\/\" \/>\n<meta property=\"og:locale\" content=\"de_DE\" \/>\n<meta property=\"og:type\" content=\"article\" \/>\n<meta property=\"og:title\" content=\"About the AAP - BLOG \u2022 Archive Artist Publications Archiv K\u00fcnstlerpublikationen \u2022 AAP\" \/>\n<meta property=\"og:description\" content=\"AAP Archiv f\u00fcr K\u00fcnstlerpublikationen \/ Archive Artist Publications\" \/>\n<meta property=\"og:url\" content=\"https:\/\/artistbooks.de\/blog\/about-the-archive\/\" \/>\n<meta property=\"og:site_name\" content=\"BLOG \u2022 Archive Artist Publications Archiv K\u00fcnstlerpublikationen \u2022 AAP\" \/>\n<meta property=\"article:publisher\" content=\"https:\/\/www.facebook.com\/aap.archive.artist.publications\/\" \/>\n<meta property=\"article:modified_time\" content=\"2024-08-29T14:24:59+00:00\" \/>\n<meta name=\"twitter:card\" content=\"summary_large_image\" \/>\n<meta name=\"twitter:site\" content=\"@mail04140299\" \/>\n<meta name=\"twitter:label1\" content=\"Gesch\u00e4tzte Lesezeit\" \/>\n\t<meta name=\"twitter:data1\" content=\"3\u00a0Minuten\" \/>\n<script type=\"application\/ld+json\" class=\"yoast-schema-graph\">{\"@context\":\"https:\\\/\\\/schema.org\",\"@graph\":[{\"@type\":\"WebPage\",\"@id\":\"https:\\\/\\\/artistbooks.de\\\/blog\\\/about-the-archive\\\/\",\"url\":\"https:\\\/\\\/artistbooks.de\\\/blog\\\/about-the-archive\\\/\",\"name\":\"About the AAP - BLOG \u2022 Archive Artist Publications Archiv K\u00fcnstlerpublikationen \u2022 AAP\",\"isPartOf\":{\"@id\":\"https:\\\/\\\/artistbooks.de\\\/blog\\\/#website\"},\"datePublished\":\"2013-12-25T15:54:59+00:00\",\"dateModified\":\"2024-08-29T14:24:59+00:00\",\"description\":\"AAP Archiv f\u00fcr K\u00fcnstlerpublikationen \\\/ Archive Artist Publications\",\"breadcrumb\":{\"@id\":\"https:\\\/\\\/artistbooks.de\\\/blog\\\/about-the-archive\\\/#breadcrumb\"},\"inLanguage\":\"de\",\"potentialAction\":[{\"@type\":\"ReadAction\",\"target\":[\"https:\\\/\\\/artistbooks.de\\\/blog\\\/about-the-archive\\\/\"]}]},{\"@type\":\"BreadcrumbList\",\"@id\":\"https:\\\/\\\/artistbooks.de\\\/blog\\\/about-the-archive\\\/#breadcrumb\",\"itemListElement\":[{\"@type\":\"ListItem\",\"position\":1,\"name\":\"Startseite\",\"item\":\"https:\\\/\\\/artistbooks.de\\\/blog\\\/\"},{\"@type\":\"ListItem\",\"position\":2,\"name\":\"About the AAP\"}]},{\"@type\":\"WebSite\",\"@id\":\"https:\\\/\\\/artistbooks.de\\\/blog\\\/#website\",\"url\":\"https:\\\/\\\/artistbooks.de\\\/blog\\\/\",\"name\":\"AAP Archive Artist Publications Archiv K\u00fcnstlerpublikationen\",\"description\":\"Beitr\u00e4ge zu internationalen K\u00fcnstlerPublikationen\",\"publisher\":{\"@id\":\"https:\\\/\\\/artistbooks.de\\\/blog\\\/#organization\"},\"potentialAction\":[{\"@type\":\"SearchAction\",\"target\":{\"@type\":\"EntryPoint\",\"urlTemplate\":\"https:\\\/\\\/artistbooks.de\\\/blog\\\/?s={search_term_string}\"},\"query-input\":{\"@type\":\"PropertyValueSpecification\",\"valueRequired\":true,\"valueName\":\"search_term_string\"}}],\"inLanguage\":\"de\"},{\"@type\":\"Organization\",\"@id\":\"https:\\\/\\\/artistbooks.de\\\/blog\\\/#organization\",\"name\":\"AAP Archive Artist Publications - Archiv K\u00fcnstlerb\u00fccher\",\"url\":\"https:\\\/\\\/artistbooks.de\\\/blog\\\/\",\"logo\":{\"@type\":\"ImageObject\",\"inLanguage\":\"de\",\"@id\":\"https:\\\/\\\/artistbooks.de\\\/blog\\\/#\\\/schema\\\/logo\\\/image\\\/\",\"url\":\"https:\\\/\\\/artistbooks.de\\\/blog\\\/wp-content\\\/uploads\\\/AAP-Logo.jpg\",\"contentUrl\":\"https:\\\/\\\/artistbooks.de\\\/blog\\\/wp-content\\\/uploads\\\/AAP-Logo.jpg\",\"width\":500,\"height\":117,\"caption\":\"AAP Archive Artist Publications - Archiv K\u00fcnstlerb\u00fccher\"},\"image\":{\"@id\":\"https:\\\/\\\/artistbooks.de\\\/blog\\\/#\\\/schema\\\/logo\\\/image\\\/\"},\"sameAs\":[\"https:\\\/\\\/www.facebook.com\\\/aap.archive.artist.publications\\\/\",\"https:\\\/\\\/x.com\\\/mail04140299\",\"https:\\\/\\\/www.instagram.com\\\/archiveartistpublications\\\/\",\"https:\\\/\\\/de.wikipedia.org\\\/wiki\\\/Archive_Artist_Publications\"]}]}<\/script>\n<!-- \/ Yoast SEO plugin. -->","yoast_head_json":{"title":"About the AAP - BLOG \u2022 Archive Artist Publications Archiv K\u00fcnstlerpublikationen \u2022 AAP","description":"AAP Archiv f\u00fcr K\u00fcnstlerpublikationen \/ Archive Artist Publications","robots":{"index":"index","follow":"follow","max-snippet":"max-snippet:-1","max-image-preview":"max-image-preview:large","max-video-preview":"max-video-preview:-1"},"canonical":"https:\/\/artistbooks.de\/blog\/about-the-archive\/","og_locale":"de_DE","og_type":"article","og_title":"About the AAP - BLOG \u2022 Archive Artist Publications Archiv K\u00fcnstlerpublikationen \u2022 AAP","og_description":"AAP Archiv f\u00fcr K\u00fcnstlerpublikationen \/ Archive Artist Publications","og_url":"https:\/\/artistbooks.de\/blog\/about-the-archive\/","og_site_name":"BLOG \u2022 Archive Artist Publications Archiv K\u00fcnstlerpublikationen \u2022 AAP","article_publisher":"https:\/\/www.facebook.com\/aap.archive.artist.publications\/","article_modified_time":"2024-08-29T14:24:59+00:00","twitter_card":"summary_large_image","twitter_site":"@mail04140299","twitter_misc":{"Gesch\u00e4tzte Lesezeit":"3\u00a0Minuten"},"schema":{"@context":"https:\/\/schema.org","@graph":[{"@type":"WebPage","@id":"https:\/\/artistbooks.de\/blog\/about-the-archive\/","url":"https:\/\/artistbooks.de\/blog\/about-the-archive\/","name":"About the AAP - BLOG \u2022 Archive Artist Publications Archiv K\u00fcnstlerpublikationen \u2022 AAP","isPartOf":{"@id":"https:\/\/artistbooks.de\/blog\/#website"},"datePublished":"2013-12-25T15:54:59+00:00","dateModified":"2024-08-29T14:24:59+00:00","description":"AAP Archiv f\u00fcr K\u00fcnstlerpublikationen \/ Archive Artist Publications","breadcrumb":{"@id":"https:\/\/artistbooks.de\/blog\/about-the-archive\/#breadcrumb"},"inLanguage":"de","potentialAction":[{"@type":"ReadAction","target":["https:\/\/artistbooks.de\/blog\/about-the-archive\/"]}]},{"@type":"BreadcrumbList","@id":"https:\/\/artistbooks.de\/blog\/about-the-archive\/#breadcrumb","itemListElement":[{"@type":"ListItem","position":1,"name":"Startseite","item":"https:\/\/artistbooks.de\/blog\/"},{"@type":"ListItem","position":2,"name":"About the AAP"}]},{"@type":"WebSite","@id":"https:\/\/artistbooks.de\/blog\/#website","url":"https:\/\/artistbooks.de\/blog\/","name":"AAP Archive Artist Publications Archiv K\u00fcnstlerpublikationen","description":"Beitr\u00e4ge zu internationalen K\u00fcnstlerPublikationen","publisher":{"@id":"https:\/\/artistbooks.de\/blog\/#organization"},"potentialAction":[{"@type":"SearchAction","target":{"@type":"EntryPoint","urlTemplate":"https:\/\/artistbooks.de\/blog\/?s={search_term_string}"},"query-input":{"@type":"PropertyValueSpecification","valueRequired":true,"valueName":"search_term_string"}}],"inLanguage":"de"},{"@type":"Organization","@id":"https:\/\/artistbooks.de\/blog\/#organization","name":"AAP Archive Artist Publications - Archiv K\u00fcnstlerb\u00fccher","url":"https:\/\/artistbooks.de\/blog\/","logo":{"@type":"ImageObject","inLanguage":"de","@id":"https:\/\/artistbooks.de\/blog\/#\/schema\/logo\/image\/","url":"https:\/\/artistbooks.de\/blog\/wp-content\/uploads\/AAP-Logo.jpg","contentUrl":"https:\/\/artistbooks.de\/blog\/wp-content\/uploads\/AAP-Logo.jpg","width":500,"height":117,"caption":"AAP Archive Artist Publications - Archiv K\u00fcnstlerb\u00fccher"},"image":{"@id":"https:\/\/artistbooks.de\/blog\/#\/schema\/logo\/image\/"},"sameAs":["https:\/\/www.facebook.com\/aap.archive.artist.publications\/","https:\/\/x.com\/mail04140299","https:\/\/www.instagram.com\/archiveartistpublications\/","https:\/\/de.wikipedia.org\/wiki\/Archive_Artist_Publications"]}]}},"_links":{"self":[{"href":"https:\/\/artistbooks.de\/blog\/wp-json\/wp\/v2\/pages\/2083","targetHints":{"allow":["GET"]}}],"collection":[{"href":"https:\/\/artistbooks.de\/blog\/wp-json\/wp\/v2\/pages"}],"about":[{"href":"https:\/\/artistbooks.de\/blog\/wp-json\/wp\/v2\/types\/page"}],"author":[{"embeddable":true,"href":"https:\/\/artistbooks.de\/blog\/wp-json\/wp\/v2\/users\/14"}],"replies":[{"embeddable":true,"href":"https:\/\/artistbooks.de\/blog\/wp-json\/wp\/v2\/comments?post=2083"}],"version-history":[{"count":27,"href":"https:\/\/artistbooks.de\/blog\/wp-json\/wp\/v2\/pages\/2083\/revisions"}],"predecessor-version":[{"id":5364,"href":"https:\/\/artistbooks.de\/blog\/wp-json\/wp\/v2\/pages\/2083\/revisions\/5364"}],"wp:attachment":[{"href":"https:\/\/artistbooks.de\/blog\/wp-json\/wp\/v2\/media?parent=2083"}],"curies":[{"name":"wp","href":"https:\/\/api.w.org\/{rel}","templated":true}]}}